, -5*p + 19 = 4*y. Let r be y - (-1)/(3/(-15)). What are the prime factors of 2/(r/3)*-2?
3
Let h = -1 + -8. Let t = 13 + h. Suppose t*d + 0 - 16 = 0. What are the prime factors of d?
2
Let u = -46 + 87. List the prime factors of u.
41
Let d = 9 + -2. Let q = -19 - -27. Suppose s - d = -5*m, q*m - s - 13 = 3*m. List the prime factors of m.
2
Let x be -2 + 0 + 1 + 0. Let t be (-2)/4*0/x. Suppose t*w - 36 = -3*w. What are the prime factors of w?
2, 3
Let a be (-2)/4*(-3 - -1). Suppose -3*f - 12 = -5*u + 3*u, a = -u - 2*f. List the prime factors of (-22)/(-4)*6/u.
11
Let a = 3 - 2. List the prime factors of a*(3 - -3)/2.
3
Let p be (38/3)/((-2)/(-3)). Let j = p - 12. What are the prime factors of j?
7
Let n(o) = o - 21. Let u be n(10). What are the prime factors of 888/44 - (-2)/u?
2, 5
Suppose 423 = 2*v - 5*y, 0*y + 832 = 4*v + 4*y. List the prime factors of v.
11, 19
Suppose -5*j + 5 = -5. Let a(o) = 2 + 6*o**2 + 2*o - j*o**2 - 5*o. List the prime factors of a(2).
2, 3
Suppose -1 + 5 = o. Suppose 5 = o*q - 3. Let k(v) = 4*v**2 - 4*v + 2. What are the prime factors of k(q)?
2, 5
Let j = 0 + 2. Suppose -j*q + q + 5 = 0. Suppose 0 = -h + 2 + q. What are the prime factors of h?
7
Let c = -29 + 28. Suppose -4*q + 5 - 53 = -4*p, -2*q - 9 = -p. Let i = p - c. What are the prime factors of i?
2
Let r(v) = v**2 - 15*v - 51. List the prime factors of r(24).
3, 5, 11
Suppose 0 = -4*b + 2*b + 40. List the prime factors of b.
2, 5
Suppose y + 245 = 620. What are the prime factors of y?
3, 5
Let m be ((-132)/18)/((-1)/12). Suppose 2 + m = 5*f. Let s = f + -1. What are the prime factors of s?
17
Let l(b) = -b**3 - 2*b**2 - 2*b - 1. Let v be l(-1). Let y be 2 - (1 - v)*0. Suppose -2*x + 44 = y*x. List the prime factors of x.
11
Let u(c) be the first derivative of 1/4*c**4 - 4*c + 2*c**2 + 3 - 4/3*c**3. What are the prime factors of u(4)?
2, 3
Suppose -3*m + 24 = -0*m + 3*k, m = 3*k + 16. What are the prime factors of m?
2, 5
Let u(l) = -l**3 + 4*l**2 - 2*l + 2. Suppose 4*w = -2*s - 2*s + 20, 5*w = 3*s + 9. List the prime factors of u(s).
2, 3
Suppose 6*k = k + 30. Let s(z) = 3*z - z + 0*z + 5*z - k. What are the prime factors of s(4)?
2, 11
Suppose -b = 2*b - 60. Suppose -2*x + 7*x - b = 0. Suppose 0 = 3*r + 9, 0 = -4*g + x*r - 2*r + 42. What are the prime factors of g?
3
Suppose x - 6 = 4*x + 4*r, x - 17 = 5*r. Suppose 0 = x*k - 5*k + 171. List the prime factors of k.
3, 19
Let t be (-1 - (1 + -1)) + 0. Let d(j) = -6*j**2 + 2*j + 1. Let r be d(t). Let k(b) = b**3 + 7*b**2 + 10. List the prime factors of k(r).
2, 5
Let t be 46/69*(-15)/(-2). Let q(r) = 20*r**2 + r. Let o be q(-1). Suppose 3*a + o = b, 0 = -t*b + a + 68 + 27. What are the prime factors of b?
19
Let j(q) = q**3 - 5*q**2 - q + 3. List the prime factors of j(6).
3, 11
Let f = 9 - 6. Let a be 3/4 - (-68)/16. Let z = f + a. What are the prime factors of z?
2
Suppose -219 = -l - 60. List the prime factors of l.
3, 53
Let d = -13 - -11. Let m be (-2)/(-3) - (-4)/(-6). What are the prime factors of m + 11 + (1 - d)?
2, 7
Suppose 3*u - 2*t = 3*t + 24, 27 = 4*u - 5*t. List the prime factors of u.
3
Let w = 2 - -58. What are the prime factors of w?
2, 3, 5
Suppose -341 = -5*w - 3*t - 116, 5*w - 2*t - 225 = 0. What are the prime factors of w?
3, 5
Let g(o) = o**2 + 3. Let x be g(4). Let f = x - 2. What are the prime factors of f?
17
Let z = 26 + 98. What are the prime factors of z?
2, 31
Let k be (0 + 5)*(-14)/35. Let c = 14 - 14. List the prime factors of (3 - c) + k + 11.
2, 3
Let x(v) = v**2 + 3*v - 1. Let f(p) = p**2 + 5*p + 4. Let t be f(-4). Suppose 0 = -t*q - 2*q - 8. What are the prime factors of x(q)?
3
Let s(f) = 2*f + 6. Let b be s(6). Suppose -k - b = 4*j, 0 = -5*k - 0*j - 3*j - 39. Let x(h) = -h**3 - 6*h**2 + 6. What are the prime factors of x(k)?
2, 3
Suppose 132 = 2*f + 4*h, f - 2*h + 5*h - 65 = 0. List the prime factors of f.
2, 17
Let h(k) = -2*k + 5. Let m(p) = 2*p - 4. Let b(j) = -3*h(j) - 4*m(j). Suppose 3*i - 60 = 2*n + 3*n, 4*i - 29 = n. List the prime factors of b(n).
19
Let v(u) = -u**3 - u**2 - u + 3. Let t be v(0). Suppose 28 = q + t*q. List the prime factors of q.
7
Suppose -3*u - 3*b + 111 = -8*b, u + 5*b - 57 = 0. Let l = u - 28. List the prime factors of l.
2, 7
Let p(r) = -r**3 + 7*r**2 - 7*r + 9. Let y = -11 - -17. Let f be p(y). Suppose 2*u + 11 = f*u. What are the prime factors of u?
11
Let y be -14*(0 - (-2)/4). Let b(m) = -2*m - 7. Let x be b(y). What are the prime factors of x/((-63)/6)*-9?
2, 3
Suppose 1 = -4*i - 3. Let s = 23 - 14. Let n = i + s. List the prime factors of n.
2
Suppose -6*g - 10 = -4*g. What are the prime factors of (-6)/2 - (g + -1)?
3
Let n(d) = -d**3 - 5*d**2 + 11*d + 9. Let s be n(-7). Suppose -4*o + 41 = -5*v - s, -2*v = 5*o - 64. List the prime factors of o.
2, 7
Suppose 0 = -3*c + 5*c + 4*w - 188, -5*c - w + 443 = 0. Suppose -5*b = -c - 162. Suppose -n + b = 4*n. List the prime factors of n.
2, 5
Suppose -5*f + 7*g = 12*g - 520, 4*g = f - 124. List the prime factors of f.
2, 3
Suppose -4*s - 28 = -6*s. List the prime factors of s.
2, 7
Suppose 0 = -3*j + 11 + 7. Suppose -j*f + 74 = -4*f. What are the prime factors of f?
37
Suppose f + 5 = 13. Suppose -5*i = -17 - f. What are the prime factors of i?
5
Let y be 48/22 - (-8)/(-44). Let c be 0 - 9/(-1 - y). Let z = 4 + c. What are the prime factors of z?
7
Suppose 5*y + 9 = -2*o + 32, 0 = -5*o - 3*y + 48. Let v = -19 + o. What are the prime factors of (-12)/(-4) - v/1?
13
What are the prime factors of 10 - (2/3)/(9/27)?
2
List the prime factors of (-3)/(-1 + -8) - 896/(-12).
3, 5
Let z(p) = -p**2 - 15*p + 2. What are the prime factors of z(-12)?
2, 19
Let m = -8 - -12. Let z be (-42)/(-10) + m/(-20). Suppose -z*i = 5*f, 26 - 1 = i - 5*f. List the prime factors of i.
5
Let u(n) = 2*n**2 - 7*n - 4. Let i(c) = -c**3 + 8*c**2 - 6*c - 1. Let j be i(7). What are the prime factors of u(j)?
2, 13
Let n(a) = -a + 2. Let l be n(3). Let j = 8 - l. List the prime factors of j.
3
Let t(u) be the first derivative of -u**2/2 + u + 4. Let x be -4 - 2/(1 - -1). List the prime factors of t(x).
2, 3
Let z(k) = 3*k**2 + 9*k - 5. What are the prime factors of z(-8)?
5, 23
Suppose 3*n = -2*n + 20. Suppose -5*h = 5*s - 50, -4*s = 4 + n. Suppose 0 = -2*r + h + 4. What are the prime factors of r?
2
Let x be (8/(-3))/((-22)/33). Suppose 4*r + a = -4*a + 53, -x*r + 43 = -5*a. List the prime factors of r.
2, 3
Suppose 14 = 5*f - 1. What are the prime factors of f?
3
Suppose -13*a + 10*a = -117. List the prime factors of a.
3, 13
Suppose 4*q + 2*u = 3*u - 29, 2*q + 3*u = 3. Let f = q - -18. List the prime factors of f.
2, 3
Suppose -5*t - 2*y + 0*y = -147, -5*y = 2*t - 63. Let v = t - 21. List the prime factors of v - -2*(-3)/(-6).
3
Suppose 0 = r - 1 - 1. Suppose -5*c = -5*l, 2*c - 20 = -r*l - 4. Suppose -2*p = -c*a + 42, a - p - 10 = -0*a. What are the prime factors of a?
11
What are the prime factors of (3 + (-75)/35)/(2/322)?
2, 3, 23
Let b = 18 - 33. Let t = b + 38. What are the prime factors of t?
23
Suppose 4*h = 6*h. Suppose 3*f = -2*r + 59, -3*f + 4*f + r - 20 = h. List the prime factors of f.
19
Let p = 2 - 4. Let v be (9/3)/((-2)/p). What are the prime factors of (-2 - -1) + 2*v?
5
Suppose 9*t = 7*t + 12. Suppose -3*i = -f - 4*f + 17, -3*i = -2*f + 14. What are the prime factors of (t/f)/(15/10)?
2
Let p = -6 - -10. Let g = -7 + p. Let j = 18 + g. List the prime factors of j.
3, 5
List the prime factors of (0 - 36)*(-6)/((-72)/(-6)).
2, 3
Let u = 30 - -20. List the prime factors of u.
2, 5
Suppose 0 = -a + 3*a - 22. Suppose 5 + 1 = -3*k. Let c = a + k. What are the prime factors of c?
3
Suppose 4*n + 4*v - 84 - 16 = 0, 4*v + 68 = 4*n. List the prime factors of n.
3, 7
Let x(m) = -2*m + 3. Let k be x(-4). Suppose 8*t + 30 = k*t. What are the prime factors of t?
2, 5
Suppose 5*l - 6 = 4*y, -5*y = -4*y - l + 2. Let c = 3 - y. What are the prime factors of c?
7
Suppose -5*v + 7 = 2*l - 4*v, 0 = l + 2*v - 8. Let m be l/(-3) - (-8)/12. List the prime factors of 12 - ((-3)/(-3) - m).
11
Let n = 13 - 9. Let p(u) = 2*u + 6. List the prime factors of p(n).
2, 7
Suppose -2*w - 5 = 3*h, 0*h + 21 = 3*w - 5*h. Suppose 0*y - 44 = -w*y. List the prime factors of y.
2, 11
Let c(n) = n**2 - 3*n + 2. Let s be c(2). Suppose s*z + 2